git of 145095647?
6
What is the units digit of 75784307?
7
What is the hundreds digit of 148543264?
2
What is the billions digit of 1703646034?
1
What is the hundred thousands digit of 123182155?
1
What is the ten millions digit of 4644114992?
4
What is the thousands digit of 251967886?
7
What is the hundred millions digit of 1759948196?
7
What is the tens digit of 84091954?
5
What is the hundreds digit of 35434223?
2
What is the ten millions digit of 3968006291?
6
What is the hundreds digit of 291729068?
0
What is the millions digit of 114164052?
4
What is the units digit of 2504450871?
1
What is the tens digit of 23167883?
8
What is the ten thousands digit of 8155441457?
4
What is the ten millions digit of 4590382825?
9
What is the units digit of 763092169?
9
What is the millions digit of 1593410857?
3
What is the hundreds digit of 379117161?
1
What is the ten millions digit of 239817661?
3
What is the tens digit of 2250827420?
2
What is the ten millions digit of 52378960?
5
What is the tens digit of 81664299?
9
What is the hundred thousands digit of 208456453?
4
What is the thousands digit of 25971440?
1
What is the ten thousands digit of 416026530?
2
What is the ten thousands digit of 810646572?
4
What is the billions digit of 1722039888?
1
What is the hundreds digit of 1558618?
6
What is the millions digit of 4063199934?
3
What is the thousands digit of 4461962224?
2
What is the millions digit of 1124659735?
4
What is the hundreds digit of 68484253?
2
What is the millions digit of 53170768?
3
What is the ten millions digit of 970333324?
7
What is the hundred thousands digit of 48678586?
6
What is the millions digit of 6085401982?
5
What is the ten thousands digit of 102090089?
9
What is the millions digit of 1500684016?
0
What is the tens digit of 19124937?
3
What is the units digit of 1268619540?
0
What is the hundreds digit of 735608535?
5
What is the units digit of 975259023?
3
What is the units digit of 58601136?
6
What is the tens digit of 185772129?
2
What is the hundred thousands digit of 173708999?
7
What is the ten thousands digit of 799762052?
6
What is the tens digit of 203771222?
2
What is the hundred millions digit of 384677965?
3
What is the tens digit of 3469861057?
5
What is the millions digit of 1407752921?
7
What is the ten millions digit of 1199363319?
9
What is the ten thousands digit of 254615094?
1
What is the thousands digit of 4201092421?
2
What is the thousands digit of 61487667?
7
What is the hundred thousands digit of 48571715?
5
What is the thousands digit of 138615848?
5
What is the ten thousands digit of 1665161048?
6
What is the hundred millions digit of 1407045451?
4
What is the ten thousands digit of 123332003?
3
What is the hundred millions digit of 246034829?
2
What is the hundred thousands digit of 548165087?
1
What is the hundred thousands digit of 88374791?
3
What is the tens digit of 919632637?
3
What is the millions digit of 57905934?
7
What is the tens digit of 9370893?
9
What is the thousands digit of 1300799328?
9
What is the hundred millions digit of 1516233237?
5
What is the hundred thousands digit of 28840271?
8
What is the hundred millions digit of 823640822?
8
What is the tens digit of 25472406?
0
What is the billions digit of 2094920373?
2
What is the millions digit of 1146346683?
6
What is the ten thousands digit of 239754670?
5
What is the hundred thousands digit of 625664585?
6
What is the hundreds digit of 530023161?
1
What is the units digit of 2258703309?
9
What is the tens digit of 52571739?
3
What is the ten thousands digit of 222469350?
6
What is the ten millions digit of 910624087?
1
What is the tens digit of 21124073?
7
What is the tens digit of 61594208?
0
What is the tens digit of 131953663?
6
What is the ten millions digit of 266671718?
6
What is the hundreds digit of 191466462?
4
What is the ten thousands digit of 1039153356?
5
What is the hundred thousands digit of 3884970?
8
What is the ten millions digit of 6268916785?
6
What is the hundreds digit of 372556466?
4
What is the hundred thousands digit of 44791730?
7
What is the hundred thousands digit of 1036238046?
2
What is the tens digit of 1361876377?
7
What is the units digit of 306632268?
8
What is the ten millions digit of 944039119?
4
What is the thousands digit of 2458678836?
8
What is the tens digit of 602434318?
1
What is the ten thousands digit of 9934954?
3
What is the tens digit of 109142225?
2
What is the hundred millions digit of 369115747?
3
What is the ten thousands digit of 16829921?
2
What is the billions digit of 2183540043?
2
What is the ten thousands digit of 762929980?
2
What is the thousands digit of 335372193?
2
What is the hundred thousands digit of 110625846?
6
What is the thousands digit of 381835839?
5
What is the ten millions digit of 340599472?
4
What is the hundreds digit of 193001854?
8
What is the ten thousands digit of 164241934?
4
What is the millions digit of 433073276?
3
What is the hundreds digit of 6059019432?
4
What is the thousands digit of 65193831?
3
What is the ten thousands digit of 48280695?
8
What is the hundred thousands digit of 207891775?
8
What is the ten thousands digit of 31612660?
1
What is the ten thousands digit of 355362945?
6
What is the thousands digit of 276033767?
3
What is the thousands digit of 34928906?
8
What is the units digit of 53135035?
5
What is the tens digit of 2305382226?
2
What is the hundreds digit of 356227084?
0
What is the hundreds digit of 797376362?
3
What is the tens digit of 28051288?
8
What is the millions digit of 16431032?
6
What is the hundred thousands digit of 30476610?
4
What is the ten thousands digit of 19865165?
6
What is the ten millions digit of 1745712273?
4
What is the ten thousands digit of 1087306368?
0
What is the thousands digit of 501358401?
8
What is the units digit of 2019543407?
7
What is the ten thousands digit of 28637657?
3
What is the hundred millions digit of 245903274?
2
What is the hundreds digit of 989060745?
7
What is the ten millions digit of 1706891336?
0
What is the ten thousands digit of 415971944?
7
What is the millions digit of 235959928?
5
What is the millions digit of 104691042?
4
What is the hundred thousands digit of 63822089?
8
What is the hundreds digit of 362632055?
0
What is the thousands digit of 268797542?
7
What is the ten millions digit of 5881576211?
8
What is the hundreds digit of 5581065530?
5
What is the tens digit of 203078984?
8
What is the thousands digit of 1689876678?
6
What is the hundreds digit of 40798578?
5
What is the hundred thousands digit of 82897802?
8
What is the hundreds digit of 3640005317?
3
What is the thousands digit of 1954749?
4
What is the hundreds digit of 293067952?
9
What is the hundred thousands digit of 149921633?
9
What is the ten millions digit of 852941309?
5
What is the hundreds digit of 229547365?
3
What is the hundreds digit of 18818890?
8
What is the ten thousands digit of 231766315?
6
What is the hundreds digit of 424740417?
4
What is the thousands digit of 32155079?
5
What is the hundred millions digit of 183374582?
1
What is the units digit of 83450854?
4
What is the units digit of 35613843?
3
What is the units digit of 234797920?
0
What is the millions digit of 2780358?
2
What is the ten millions digit of 1398239532?
9
What is the tens digit of 131252757?
5
What is the tens digit of 151612430?
3
What is the ten millions digit of 74387475?
7
What is the hundred thousands digit of 27440659?
4
What is the millions digit of 29131098?
9
What is the thousands digit of 2160275972?
5
What is the thousands digit of 503823782?
3
What is the billions digit of 1105682893?
1
What is the hundreds digit of 456988590?
5
What is the ten millions digit of 36021212?
3
What is the tens digit of 44154556?
5
What is the units digit of 16867749?
9
What is the hundred millions digit of 342613207?
3
What is the thousands digit of 57496724?
6
What is the millions digit of 252665852?
2
What is the hundred millions digit of 127082782?
1
What is the hundreds digit of 181538500?
5
What is the millions digit of 805169842?
5
What is the millions digit of 4963779?
4
What is the tens digit of 4617594?
9
What is the hundred thousands digit of 355463569?
4
What is the hundreds digit 